est common factor of 304 and q?
16
Suppose 500 = 2*k + 4*n - 684, 9*k - 5300 = -4*n. What is the highest common factor of k and 108?
12
Suppose 4*g + 28 = -2*q, -3*g + 2 = -q - 2. Let m be 86/4 - (-1)/2. Let r = q + m. What is the greatest common factor of r and 108?
12
Suppose 5*l = -11*d + 15*d + 90, 85 = 5*l - 5*d. Let u = -16 + 346. Suppose -5*w + 2*w + u = 0. What is the highest common factor of l and w?
22
Suppose 6*o + 3*t - 3 = 9*o, -5*o = t - 13. Calculate the highest common factor of 2 and o.
2
Suppose -4*d - 12 = -f, 5*f - 102 = f - 2*d. Let k be (-13)/(-3) + 1/(-3). Suppose 1 = -z + k. Calculate the greatest common factor of f and z.
3
Suppose -208 = -11*g + 9*g. Calculate the greatest common divisor of g and 130.
26
Let g = 1153 - -1297. What is the greatest common divisor of g and 25?
25
Let g(k) = -k**2 - 12*k - 11. Let s be g(-11). Suppose 5*r - 256 + 56 = s. Suppose 11*h + 80 = 16*h. Calculate the highest common divisor of r and h.
8
Let p(k) = k**3 + 9*k**2 - 12*k - 5. Let a be p(-10). Suppose -a = n - 6*n. Calculate the greatest common divisor of n and 33.
3
Let u(p) = 3*p - 3. Let a(t) = t**2 - 3*t + 3. Let o be a(4). Let q be u(o). Let n be (9/6)/(3/q). What is the greatest common divisor of n and 36?
9
Let a(l) = l**3 - 9*l + 5. Let y be a(3). Let u be (-5)/((-10)/(-308))*y/(-10). What is the greatest common factor of 7 and u?
7
Let o(b) = -55*b. Let j be o(-1). Let u = 680 - 675. What is the highest common factor of j and u?
5
Let g = 5 + -1. Suppose -4*c + 37 = c - g*l, 5*l - 1 = c. Let f = 110 - 38. What is the highest common factor of f and c?
9
Suppose 5*d - 4*v + 30 = -0*v, -6 = d - 5*v. Let o = d + 8. Suppose b + 5*h = 10, -o*b + 4*h + 20 = -h. Calculate the highest common divisor of b and 50.
10
Let g = -8651 - -8690. Suppose 76 + 11 = 3*z. Let i = z - 16. What is the highest common divisor of g and i?
13
Let o = 26 - 21. Suppose 0*y + 120 = o*y. What is the highest common divisor of 60 and y?
12
Let d be (-6)/9*(-11)/((-44)/(-216)). Let k be 670/12 - (-6)/d. Calculate the highest common factor of k and 140.
28
Suppose 5*h - 2 = 3. Let a be (h/(-4) - -1)*24. Suppose 0 = -486*q + 477*q + 486. Calculate the greatest common divisor of a and q.
18
Let i(b) = 9*b**2 - 7*b + 8. Let z = 69 - 67. Let c be i(z). What is the highest common divisor of c and 6?
6
Let u = 10 - -42. Suppose 5*y = -2*i + 8, -4*y + 5*y = -4*i + u. Let m = -22 + 36. What is the greatest common divisor of i and m?
14
Suppose -3*i + 5*i - 122 = 0. Let y = i - 52. What is the greatest common divisor of y and 6?
3
Suppose 3*b = 2*q - 17, 0 = 2*q + b - 0*b - 37. Let t = q + -16. Suppose -5*f + t*f = -30. What is the highest common divisor of 2 and f?
2
Let c(b) = 13*b - 15. Let w be c(3). Calculate the highest common factor of 168 and w.
24
Suppose -2*n + 26 = 4*v, -v + 3*n + 2 = 13. Let x = v - -12. Suppose -a + 44*o - 42*o = -2, -2*a - 4*o = -12. What is the greatest common factor of a and x?
4
Let x be (2/3)/((-4)/(-42)). Let y be 6 + x + (-3)/(-1). Suppose 0 = 59*h - 68*h + 1584. What is the greatest common factor of y and h?
16
Suppose 5*g + 3*n = 121, -2*n - 88 = -5*g + g. Let c = g + -9. Let q(h) = h - 8. Let v be q(c). Calculate the greatest common factor of v and 4.
2
Let x = -81 + 404. Calculate the greatest common factor of 19 and x.
19
Let v(h) = -h + 73. Let k be v(13). What is the highest common factor of k and 20?
20
Let w be (5 + (-1108)/(-8))*36/21. Calculate the highest common divisor of w and 123.
123
Let p = -120 - -245. Let v be p/(-2)*(-12)/10. What is the greatest common factor of 15 and v?
15
Suppose o + 32 = 3*o - 4*s, 4*o + 4*s = 100. Suppose 0 = -r - g + 75, 0 = -600*r + 595*r + 5*g + 395. Calculate the highest common factor of o and r.
11
Let j be (17 - -1)*10/(-15). Let i = 16 + j. Suppose i*f = 21 + 27. What is the greatest common divisor of 8 and f?
4
Let s = 6 + 2. Let h be (10/4)/(-1)*-2. Suppose 350 = 4*y + f, 0 = -h*y - 2*f - 185 + 621. Calculate the highest common divisor of y and s.
8
Let l be (-7*(-13)/(-91))/((-2)/62). Calculate the highest common factor of 279 and l.
31
Let h(b) = 39*b + 15 - 43*b - 15*b. Let t be h(-4). Calculate the highest common factor of t and 13.
13
Let b(a) = -a**3 + 10*a**2 + 5*a - 40. Let k be b(9). What is the highest common divisor of 473 and k?
43
Suppose 8*i = f + 5*i - 16, 0 = -4*f - 2*i - 6. What is the greatest common divisor of f and 3?
1
Let c be 3/2*112/6. Let a = -76 + 83. Suppose 3*t - 5*k = -6 + a, 2*t = -k + 18. Calculate the greatest common factor of t and c.
7
Suppose 18 = 2*l + 4*l. Suppose 5 = -l*v + 20. Suppose -v*n = -9*n + 144. Calculate the highest common divisor of n and 9.
9
Let q = 636 + -560. Calculate the greatest common factor of 38 and q.
38
Let r be 5 - ((-36)/(-63) - (-193)/(-7)). Calculate the highest common divisor of 256 and r.
32
Suppose 6*q - 25*q = -14497. What is the greatest common factor of q and 7?
7
Suppose -r - 1 = -4*l - 9, l - 100 = -4*r. Calculate the greatest common factor of 40 and r.
8
Let z = -200 + 83. Let a be 0 + -2 + 2 + 2. Let t be (-333)/z - a/(-13). Calculate the greatest common divisor of t and 1.
1
Suppose 12*j + 9 = 225. What is the greatest common divisor of j and 900?
18
Suppose -11*w + 66 + 242 = 0. What is the greatest common factor of w and 49?
7
Let w = 1374 + 588. What is the highest common divisor of w and 18?
18
Suppose 2*l = -2*l. Let t(k) = -k + 6. Let p be t(l). Suppose -2*f = h - 4, p + 5 = -h - 5*f. What is the greatest common divisor of 70 and h?
14
Let o(q) = -q**3 - 7*q**2 + 8*q + 5. Let x be o(-8). Let t be (-4*(1 + -3))/(4/10). Let p = 15 + t. Calculate the greatest common divisor of p and x.
5
Let v = -7 - -202. What is the greatest common factor of v and 78?
39
Let b(z) = -8*z - 9. Let l be b(-7). Let p = l - 25. Suppose 4*h - 2*v = -5*v + 229, -h + 5*v = -40. What is the highest common factor of p and h?
11
Let a = 2358 + -2325. Calculate the highest common divisor of a and 473.
11
Let t = 23 - 5. Calculate the greatest common divisor of t and 288.
18
Let h(d) = -2*d**2 - 14*d - 6. Let j be h(-7). Let f be 2/12 + (-215)/j. Calculate the greatest common divisor of 24 and f.
12
Suppose 104*k - 160 = 100*k. Suppose 0 = -u - 0*u + 4*m + 5, 0 = 4*u - m - 20. Calculate the greatest common factor of u and k.
5
Suppose 0 = -y - 5*g + 1, -4*y - 4*g + 3*g + 4 = 0. Let x(d) = 64*d**3 - d**2. Let z be x(y). What is the greatest common divisor of z and 9?
9
Let n(d) be the third derivative of 5*d**4/24 - 4*d**3 - 10*d**2. Let a be n(6). What is the greatest common divisor of a and 3?
3
Let x be (-2 - 812/21)/((-2)/(-12)). Let p = -124 - x. What is the highest common divisor of 30 and p?
30
Let k(w) = w**3 - 45*w**2 - 66*w - 133. Let d be k(47). What is the greatest common divisor of 91 and d?
91
Let u(n) = 5*n - 85. Let p be u(19). What is the greatest common factor of p and 3?
1
Let m(o) = o**2 - 7*o + 4. Let u be m(7). Suppose 5*w - u = 1. Let p be 485/20 + w/(-4). What is the highest common divisor of p and 12?
12
Suppose -61*o = -77*o + 912. Calculate the greatest common divisor of 969 and o.
57
Let o(i) = -2*i**3 - 13*i**2 - 3*i + 8. Let s be o(-9). Let q = -251 + s. Let l = -97 + 118. What is the highest common factor of q and l?
21
Let f = -22 - -44. Let q(j) = -j - 5. Let t be q(-8). Suppose -5*v + 161 = 4*x, 4*x - t*v + 2*v = 179. Calculate the greatest common divisor of f and x.
22
Let h = -209 - -131. Let g = -44 - h. What is the greatest common factor of g and 17?
17
Let a(c) be the third derivative of 3*c**4/8 + 11*c**3/6 - 5*c**2. Let w be a(5). Let f be 4/(-8) - (-29)/2. Calculate the greatest common factor of f and w.
14
Suppose -3*p - p + 8 = 0. Let f(b) = -16*b + 4. Let n(q) = -19*q + 4. Let h(w) = -5*f(w) + 4*n(w). Let s be h(p). What is the highest common factor of s and 36?
4
Let i(m) = -m**3 + 9*m**2 + 15*m - 29. Let p be i(9). Let b = p + -87. Calculate the greatest common factor of b and 133.
19
Let j be (378/30)/(7/105). What is the highest common divisor of 54 and j?
27
Suppose -5673 = -22*n - 1845. Calculate the highest common factor of 29 and n.
29
Let k = -657 - -736. Calculate the greatest common factor of 1896 and k.
79
Let t(d) = -d**3 + 12*d**2 + 13*d + 14. Let y be t(13). What is t